CyanogenMod 6.1.1 (froyo alpha 8.3) - YONIP kernel v9 BFS 24BPP- OC'd 1.066 ghz - Qbanin Optimized DVM- 1% battery - ssswitchv0.2 - ADW ex v1.2.2 - apps2sd - ext2/2/2 - intercept froyo 3d drivers - sucka GPS fix (gps.conf with lbsmode settings)- Quadrant Score 630+
I found the attached script useful to see a cleaned up, color coded logcat.
You need to find and install the python script language package: ActivePython-2.7.1.3-win32-x86.msi
I got it directly from here: http://www.activestate.com/activepython/downloads
Last edited by rapasamdroid; 01-02-2011 at 06:36 PM. Reason: corrected typo, added html link
i570EXXJD1 | 2.6.29.6 | CM 6.1.1 Alpha 8.3.2 | Lukiqq Kernel V8 AIO
Here's mine. 20 minutes of monitoring and here's what i've got. Does it mean that i have a stable battery consumption??
D/GoogleLoginService( 2539): onBind: Intent { act=android.accounts.AccountAuthe
ticator cmp=com.google.android.gsf/.loginservice.GoogleLoginService }
I/ActivityManager( 2103): Config changed: { scale=1.0 imsi=515/3 loc=en_US touc
=3 keys=1/1/2 nav=2/1 orien=1 layout=18 uiMode=17 seq=19}
I/Langauge( 2170): release: com.cootek.smartinput/lang_eng
I/Language( 2170): load: com.cootek.smartinput/lang_eng
I/GPSButton( 2103): Update State
D/dalvikvm( 2183): GC_EXPLICIT freed 827 objects / 34424 bytes in 679ms
D/dalvikvm( 2183): GC_EXPLICIT freed 313 objects / 23928 bytes in 522ms
D/dalvikvm( 2380): GC_FOR_MALLOC freed 12252 objects / 665888 bytes in 1752ms
W/WindowManager( 2103): Window freeze timeout expired.
W/WindowManager( 2103): Force clearing orientation change: Window{45cc6078 Keyg
ard paused=false}
D/dalvikvm( 2183): GC_EXPLICIT freed 350 objects / 30664 bytes in 620ms
W/IInputConnectionWrapper( 2183): clearMetaKeyStates on inactive InputConnectio
D/dalvikvm( 2183): GC_EXPLICIT freed 2460 objects / 141600 bytes in 235ms
D/dalvikvm( 2103): GC_EXPLICIT freed 6326 objects / 304208 bytes in 551ms
D/dalvikvm( 2539): GC_EXPLICIT freed 611 objects / 34432 bytes in 313ms
D/dalvikvm( 2673): GC_EXPLICIT freed 53 objects / 1848 bytes in 253ms
D/dalvikvm( 2551): GC_EXPLICIT freed 1285 objects / 62424 bytes in 293ms
D/dalvikvm( 2551): GC_EXPLICIT freed 892 objects / 119112 bytes in 243ms
D/dalvikvm( 2551): GC_EXPLICIT freed 801 objects / 63352 bytes in 329ms
D/dalvikvm( 2551): GC_EXPLICIT freed 889 objects / 117376 bytes in 274ms
D/dalvikvm( 2551): GC_EXPLICIT freed 702 objects / 34152 bytes in 239ms
D/dalvikvm( 2551): GC_EXPLICIT freed 636 objects / 57264 bytes in 242ms
D/dalvikvm( 2180): GC_FOR_MALLOC freed 10500 objects / 524296 bytes in 307ms
D/dalvikvm( 2551): GC_EXPLICIT freed 889 objects / 117184 bytes in 272ms
D/dalvikvm( 2103): GC_FOR_MALLOC freed 21107 objects / 1076512 bytes in 516ms
D/dalvikvm( 2551): GC_EXPLICIT freed 1098 objects / 150328 bytes in 243ms
I/EventLogService( 2539): Aggregate from 1295351770956 (log), 1295351770956 (da
a)
D/dalvikvm( 2539): GC_EXPLICIT freed 711 objects / 134128 bytes in 262ms
D/dalvikvm( 2673): GC_EXPLICIT freed 3 objects / 80 bytes in 240ms
D/dalvikvm( 2551): GC_EXPLICIT freed 955 objects / 94192 bytes in 339ms
D/dalvikvm( 2551): GC_EXPLICIT freed 845 objects / 90424 bytes in 238ms
D/dalvikvm( 2551): GC_EXPLICIT freed 944 objects / 119280 bytes in 241ms
D/dalvikvm( 2180): GC_FOR_MALLOC freed 11145 objects / 542032 bytes in 298ms
D/dalvikvm( 2103): GC_EXPLICIT freed 21202 objects / 1022728 bytes in 490ms
D/dalvikvm( 2551): GC_EXPLICIT freed 999 objects / 121336 bytes in 275ms
D/dalvikvm( 2551): GC_EXPLICIT freed 900 objects / 92224 bytes in 245ms
D/dalvikvm( 2551): GC_EXPLICIT freed 845 objects / 90272 bytes in 244ms
D/dalvikvm( 2180): GC_FOR_MALLOC freed 10349 objects / 525160 bytes in 255ms
D/dalvikvm( 2551): GC_EXPLICIT freed 647 objects / 32104 bytes in 250ms
D/dalvikvm( 2103): GC_EXPLICIT freed 12155 objects / 561664 bytes in 540ms
D/dalvikvm( 2551): GC_EXPLICIT freed 636 objects / 57352 bytes in 257ms
D/dalvikvm( 2180): GC_FOR_MALLOC freed 10198 objects / 524272 bytes in 235ms
D/dalvikvm( 2551): GC_EXPLICIT freed 790 objects / 88248 bytes in 251ms
D/dalvikvm( 2103): GC_EXPLICIT freed 9399 objects / 489888 bytes in 523ms
D/dalvikvm( 2551): GC_EXPLICIT freed 845 objects / 90288 bytes in 238ms
D/dalvikvm( 2180): GC_FOR_MALLOC freed 10178 objects / 524688 bytes in 318ms
D/dalvikvm( 2551): GC_EXPLICIT freed 944 objects / 119296 bytes in 230ms
D/dalvikvm( 2551): GC_EXPLICIT freed 999 objects / 121304 bytes in 240ms
D/dalvikvm( 2103): GC_EXPLICIT freed 10515 objects / 500208 bytes in 505ms
D/dalvikvm( 2551): GC_EXPLICIT freed 801 objects / 63328 bytes in 230ms
D/dalvikvm( 2180): GC_FOR_MALLOC freed 10260 objects / 524256 bytes in 338ms
I/GPSButton( 2103): Update State
D/NetworkLocationProvider( 2103): onDataConnectionStateChanged 3
D/dalvikvm( 3174): GC_EXPLICIT freed 88 objects / 3784 bytes in 280ms
I/GPSButton( 2103): Update State
D/dalvikvm( 2551): GC_EXPLICIT freed 889 objects / 117304 bytes in 273ms
I/GPSButton( 2103): Update State
D/NetworkLocationProvider( 2103): onDataConnectionStateChanged 3
I/GPSButton( 2103): Update State
D/dalvikvm( 2103): GC_EXPLICIT freed 16962 objects / 822752 bytes in 595ms
D/dalvikvm( 3174): GC_EXPLICIT freed 43 objects / 2200 bytes in 257ms
There are currently 1 users browsing this thread. (0 members and 1 guests)
Bookmarks